6 is divided by 315655.
61
Calculate the remainder when 12923190 is divided by 996.
90
What is the remainder when 21596162 is divided by 2159614?
22
What is the remainder when 4006668 is divided by 2796?
0
What is the remainder when 24840 is divided by 193?
136
Calculate the remainder when 101118897 is divided by 50559445.
7
Calculate the remainder when 186725 is divided by 8118.
11
Calculate the remainder when 37557254 is divided by 82.
24
What is the remainder when 178239 is divided by 88966?
307
What is the remainder when 113917 is divided by 5641?
1097
What is the remainder when 21755960 is divided by 471?
470
What is the remainder when 23782305 is divided by 1034012?
29
What is the remainder when 11439 is divided by 1168?
927
Calculate the remainder when 9460923 is divided by 22688.
27
What is the remainder when 59151 is divided by 29236?
679
What is the remainder when 1415942 is divided by 2404?
2390
Calculate the remainder when 244361 is divided by 1037.
666
What is the remainder when 3474784 is divided by 248196?
40
What is the remainder when 59269416 is divided by 3070?
3066
Calculate the remainder when 188073143 is divided by 2876.
2875
What is the remainder when 3245883 is divided by 1081957?
12
Calculate the remainder when 14052 is divided by 2966.
2188
What is the remainder when 230352 is divided by 123?
96
What is the remainder when 62245772 is divided by 16?
12
What is the remainder when 1006963 is divided by 3965?
3818
Calculate the remainder when 73934 is divided by 1014.
926
What is the remainder when 1098836 is divided by 99894?
2
Calculate the remainder when 17779443 is divided by 5926479.
6
What is the remainder when 150409 is divided by 207?
127
Calculate the remainder when 71493376 is divided by 3567.
3562
What is the remainder when 1047153 is divided by 95188?
85
Calculate the remainder when 2279731 is divided by 351.
337
Calculate the remainder when 166786 is divided by 1476.
1474
Calculate the remainder when 31002198 is divided by 5167030.
18
What is the remainder when 301039 is divided by 4563?
4444
Calculate the remainder when 190265 is divided by 240.
185
Calculate the remainder when 761862 is divided by 9054.
1326
Calculate the remainder when 9293 is divided by 1321.
46
Calculate the remainder when 116915 is divided by 29062.
667
What is the remainder when 111756 is divided by 37242?
30
Calculate the remainder when 712970 is divided by 101649.
1427
Calculate the remainder when 78031316 is divided by 98.
90
Calculate the remainder when 9597282 is divided by 71.
70
What is the remainder when 13005319 is divided by 1857902?
5
Calculate the remainder when 2015668 is divided by 1007820.
28
Calculate the remainder when 22077 is divided by 611.
81
What is the remainder when 725309 is divided by 230?
119
What is the remainder when 2681109 is divided by 2681086?
23
Calculate the remainder when 4220 is divided by 842.
10
What is the remainder when 223242 is divided by 20270?
272
Calculate the remainder when 605562 is divided by 1101.
12
What is the remainder when 1453533 is divided by 111810?
3
What is the remainder when 150791993 is divided by 4188666?
17
Calculate the remainder when 232946685 is divided by 1216.
1213
Calculate the remainder when 23119759 is divided by 2311974.
19
What is the remainder when 73150644 is divided by 6782?
6774
What is the remainder when 36060651 is divided by 752?
747
What is the remainder when 296557 is divided by 2060?
1977
What is the remainder when 113448462 is divided by 1905?
1902
What is the remainder when 3003 is divided by 131?
121
Calculate the remainder when 1827953 is divided by 3168.
17
Calculate the remainder when 160027 is divided by 3614.
1011
Calculate the remainder when 7233816 is divided by 61.
9
What is the remainder when 15165302 is divided by 371?
306
What is the remainder when 901140 is divided by 180225?
15
Calculate the remainder when 6579404 is divided by 188.
156
What is the remainder when 5761912 is divided by 989?
987
What is the remainder when 370012 is divided by 73732?
1352
What is the remainder when 12685193 is divided by 4674?
4631
What is the remainder when 361355 is divided by 45136?
267
Calculate the remainder when 886716 is divided by 696.
12
What is the remainder when 1755255 is divided by 250748?
19
What is the remainder when 4036625 is divided by 6153?
257
Calculate the remainder when 318706 is divided by 6928.
18
What is the remainder when 3065465 is divided by 2752?
2489
What is the remainder when 30388 is divided by 2071?
1394
Calculate the remainder when 10288677 is divided by 63.
21
Calculate the remainder when 11348541 is divided by 202.
181
Calculate the remainder when 15917875 is divided by 418891.
17
What is the remainder when 84373901 is divided by 1145?
1141
Calculate the remainder when 19176 is divided by 1922.
1878
What is the remainder when 2620310 is divided by 21302?
164
Calculate the remainder when 2790420 is divided by 2789276.
1144
What is the remainder when 2861929 is divided by 2861865?
64
Calculate the remainder when 4942622 is divided by 314.
262
What is the remainder when 29911 is divided by 653?
526
What is the remainder when 835360 is divided by 30938?
34
Calculate the remainder when 39476 is divided by 12976.
548
What is the remainder when 14352782 is divided by 568?
558
What is the remainder when 2325786 is divided by 69?
3
Calculate the remainder when 48590 is divided by 46023.
2567
Calculate the remainder when 877089 is divided by 6693.
306
What is the remainder when 65748360 is divided by 436?
432
Calculate the remainder when 1236 is divided by 102.
12
Calculate the remainder when 395257 is divided by 1666.
415
What is the remainder when 2288787 is divided by 5274?
5145
Calculate the remainder when 1800734 is divided by 900351.
32
What is the remainder when 129883 is divided by 422?
329
Calculate the remainder when 24617028 is divided by 51.
42
Calculate the remainder when 41364090 is divided by 319.
317
Calculate the remainder when 402247 is divided by 25.
22
Calculate the remainder when 86445628 is divided by 246.
244
What is the remainder when 1900345 is divided by 1171?
983
What is the remainder when 1446625 is divided by 1245?
1180
What is the remainder when 98450883 is divided by 260452?
27
Calculate the remainder when 61473 is divided by 61448.
25
Calculate the remainder when 435954 is divided by 596.
278
What is the remainder when 853589 is divided by 284489?
122
What is the remainder when 9214689 is divided by 39210?
339
What is the remainder when 31642120 is divided by 900?
820
Calculate the remainder when 105984966 is divided by 199595.
21
What is the remainder when 11359625 is divided by 23915?
0
Calculate the remainder when 4740 is divided by 3156.
1584
What is the remainder when 1331823 is divided by 1179?
732
What is the remainder when 6312259 is divided by 1578043?
87
Calculate the remainder when 217030 is divided by 1809.
1759
What is the remainder when 39871 is divided by 12728?
1687
What is the remainder when 8721781 is divided by 189?
187
What is the remainder when 6499936 is divided by 22?
14
Calculate the remainder when 12757002 is divided by 554652.
6
Calculate the remainder when 162867 is divided by 3322.
89
What is the remainder when 6954476 is divided by 130?
126
What is the remainder when 9074654 is divided by 214?
198
Calculate the remainder when 5704062 is divided by 1779.
588
Calculate the remainder when 121828034 is divided by 1842.
1838
Calculate the remainder when 19571 is divided by 107.
97
Calculate the remainder when 5846267 is divided by 2472.
2459
What is the remainder when 332582 is divided by 19?
6
Calculate the remainder when 11370398 is divided by 3790100.
98
What is the remainder when 1807172 is divided by 903543?
86
What is the remainder when 338597 is divided by 16880?
997
What is the remainder when 71836 is divided by 3439?
3056
What is the remainder when 104117285 is divided by 58329?
20
What is the remainder when 22110 is divided by 5895?
4425
Calculate the remainder when 145553 is divided by 1817.
193
Calculate the remainder when 94966396 is divided by 43.
36
Calculate the remainder when 3543660 is divided by 71.
50
What is the remainder when 2310032 is divided by 6079